?
37006
In base 6, what is 101 + -2234353003?
-2234352502
In base 13, what is 794 + 5a9?
1070
In base 12, what is 2b7674 + -306?
2b736a
In base 6, what is 10422034310 - -5?
10422034315
In base 14, what is 46b268 - c?
46b25a
In base 4, what is -1121101300 + -1122?
-1121103022
In base 2, what is 1011011100010101011110100100 - -10?
1011011100010101011110100110
In base 15, what is 5 - 706829?
-706824
In base 13, what is 320b8 + -9a?
3201b
In base 2, what is -10011100111110111110110001 + 101?
-10011100111110111110101100
In base 4, what is 10 - 222030301333?
-222030301323
In base 11, what is 3368817 + 20?
3368837
In base 14, what is 3dd2 - 4dd3?
-1001
In base 12, what is -84794 - -5b?
-84735
In base 11, what is 5 + -2521366?
-2521361
In base 15, what is -7cd8dd8 - -3?
-7cd8dd5
In base 12, what is -28 - -45878a?
458762
In base 6, what is 1335025430 - 0?
1335025430
In base 13, what is -caa - -27ab?
1801
In base 9, what is -35835 + -62?
-36007
In base 3, what is 12211112012022 - -1101?
12211112020200
In base 14, what is 83a - 131?
709
In base 9, what is -2564 - -6736?
4162
In base 7, what is 501 + -226615?
-226114
In base 3, what is 1222021021000111 + 11?
1222021021000122
In base 9, what is -21651827 - -4?
-21651823
In base 5, what is -31214 + -12101211?
-12132430
In base 16, what is 1d7e0fe2 + 0?
1d7e0fe2
In base 6, what is -354454 + 31441?
-323013
In base 14, what is -2033 - -131a?
-b17
In base 5, what is 122 + -1330441243?
-1330441121
In base 8, what is 1277055475 - 5?
1277055470
In base 14, what is 2277b - 13a?
22641
In base 7, what is -4 + -34413302?
-34413306
In base 6, what is 1000432400 + 5?
1000432405
In base 9, what is -2332 - -560?
-1662
In base 4, what is -1213303 - 10230?
-1230133
In base 9, what is -23 - 62781486?
-62781520
In base 14, what is 5 - 56abbc?
-56abb7
In base 12, what is 25 - 2a8b529?
-2a8b504
In base 16, what is d09 + 175e4?
182ed
In base 12, what is 40869b0 - 3?
40869a9
In base 4, what is 1012 + -1322101320?
-1322100302
In base 14, what is -3 - 13bd9a8?
-13bd9ab
In base 14, what is 379790a - -6?
3797912
In base 2, what is 101 + -10111010001000101111011110?
-10111010001000101111011001
In base 14, what is 6548ca4 + -5?
6548c9d
In base 15, what is a2a95c - 60?
a2a8ec
In base 6, what is -115 + -213303?
-213422
In base 10, what is 9383 + 45876?
55259
In base 14, what is -72 - -1733db?
173369
In base 11, what is -60 + -3720a?
-3726a
In base 9, what is -268 - 5527?
-5806
In base 8, what is -175 - -12401110?
12400713
In base 14, what is 44c820 - -4a?
44c86a
In base 5, what is 14224130334 - -1?
14224130340
In base 14, what is -339891 - 1?
-339892
In base 8, what is -1723327 + 11?
-1723316
In base 8, what is 475260563 - 5?
475260556
In base 16, what is 4031 - -2c04?
6c35
In base 3, what is 1001110 + -110212121022?
-110211112212
In base 5, what is 2143333103 - -2?
2143333110
In base 10, what is 3019091 - -20?
3019111
In base 5, what is -442103 + 2230?
-434323
In base 6, what is 3323 + 240544?
244311
In base 14, what is 467a4 + -48?
4675a
In base 6, what is 424 - 2043245?
-2042421
In base 8, what is 3163 + 71600?
74763
In base 8, what is 151 - 36164656?
-36164505
In base 10, what is -17 - -15412131?
15412114
In base 11, what is 8089 + 859?
8937
In base 3, what is 201121 - -1010002021102?
1010010000000
In base 6, what is 4 + -2212423011?
-2212423003
In base 2, what is -1001 - 10001010101110?
-10001010110111
In base 10, what is 150 + -19713?
-19563
In base 8, what is -3 - 563140047?
-563140052
In base 10, what is 5 + -243429241?
-243429236
In base 7, what is 6 + 60250143?
60250152
In base 3, what is -111 - -211200011010121?
211200011010010
In base 13, what is -2a43 - 611?
-3354
In base 16, what is -302 - 5631?
-5933
In base 14, what is 71 - -3c3cac?
3c3d3d
In base 10, what is -3 - -38970086?
38970083
In base 7, what is 24422 + -434?
23655
In base 14, what is -16d00 - 1131?
-18031
In base 7, what is -132434615 + -5?
-132434623
In base 2, what is 110 - -1101111011111101011000010?
1101111011111101011001000
In base 5, what is 21 + 120343022112?
120343022133
In base 3, what is -100012011 + 1020121?
-21221120
In base 10, what is -21 + -8080161?
-8080182
In base 2, what is -10 - -110001011111101110101000101?
110001011111101110101000011
In base 10, what is 189354067 - 0?
189354067
In base 12, what is -13 - -76301a?
763007
In base 15, what is -101e + -7e5d?
-8e7c
In base 11, what is 62 + 115008?
11506a
In base 9, what is -402785 + -38?
-402834
In base 10, what is 3 - -3062317?
3062320
In base 11, what is 15 - -7964184?
7964199
In base 9, what is 134637 + 2844?
137582
In base 4, what is 303 + -21012220011?
-21012213102
In base 10, what is 604796 - -33?
604829
In base 5, what is 4011313 + -10?
4011303
In base 7, what is 462351 + -353?
461665
In base 2, what is 10 + 1000100101110011?
1000100101110101
In base 10, what is -2 + 20523544?
20523542
In base 15, what is 11264d - -e5?
112743
In base 4, what is -11 - -12012110330313?
12012110330302
In base 14, what is -17c9 + d7?
-16d2
In base 15, what is -399 - 2875?
-2c1e
In base 7, what is 312356640 - 2?
312356635
In base 9, what is 2 - 4170225?
-4170223
In base 10, what is -921 - -736938?
736017
In base 15, what is -627 + -38e6?
-401d
In base 14, what is 35bc89 + 5?
35bc90
In base 5, what is -4012404403 + 3?
-4012404400
In base 4, what is 2112 - 100120030313?
-100120022201
In base 9, what is -821 + 1604?
673
In base 14, what is -4c439 - -b?
-4c42c
In base 5, what is 110401 + -1403?
103443
In base 16, what is -2df0ca - 46?
-2df110
In base 5, what is -3 - -243143114041?
243143114033
In base 15, what is 1c8 - b77e?
-b5a6
In base 15, what is 5 - d2c1d?
-d2c18
In base 6, what is 145 + 101103420?
101104005
In base 12, what is -370a02 - -5?
-3709b9
In base 11, what is -393504005 - 3?
-393504008
In base 10, what is -5 + 1985089?
1985084
In base 3, what is -1212001122112 - 1122?
-1212001201011
In base 3, what is -10 + 200200021121022?
200200021121012
In base 8, what is 337254 + -2114?
335140
In base 15, what is -a463 - 1?
-a464
In base 14, what is -24cc1b3 - -4?
-24cc1ad
In base 15, what is -3 + 89d77bd?
89d77ba
In base 14, what is -11321 - -591?
-10b70
In base 9, what is -271202643 + -3?
-271202646
In base 13, what is -1a2a - -3119?
13bc
In base 8, what is -32507576 - -3?
-32507573
In base 5, what is -411213 - 4422323?
-10334041
In base 8, what is 226421525 + 31?
226421556
In base 6, what is 2 - -1434355425?
1434355431
In base 6, what is -211 + 241155444?
241155233
In base 14, what is -136acd7 + -5?
-136acdc
In base 14, what is 5 + -5d4b4b?
-5d4b46
In base 13, what is -136 - 45626?
-4575c
In base 12, what is 1764116 + 119?
1764233
In base 7, what is -200 - -12150646?
12150446
In base 3, what is -2221012010 - 111122?
-2221200202
In base 14, what is 6c0500 + 3b?
6c053b
In base 16, what is 5f8b92 - -5?
5f8b97
In base 16, what is 10f + 16d28?
16e37
In base 7, what is 11035 + -6540?
1165
In base 8, what is 1421 - 260404?
-256763
In base 13, what is 870 + 99217?
99a87
In base 6, what is -1133 + 310530?
305353
In base 4, what is -100330320002 + -112?
-100330320120
In base 9, what is -440034 + -4866?
-445011
In base 10, what is 772049 - -159?
772208
In base 6, what is -22 - 21352010?
-21352032
In base 13, what is -1351850 - 11?
-1351861
In base 2, what is -110110100101011 + 11100?
-110110100001111
In base 7, what is -1206515232 + -1?
-1206515233
In base 7, what is 2224046533 - 3?
2224046530
In base 5, what is -30214003 + -32?
-30214040
In base 9, what is 4445273 + 8?
4445282
In base 14, what is -8 + -17905109?
-17905113
In base 9, what is 2 - 21126446?
-21126444
In base 14, what is 19 - 105459?
-105440
In base 16, what is -1779b - -6f3?
-170a8
In base 12, what is -139448310 + -5?
-139448315
In base 11, what is -2 - a6917924?
-a6917926
In base 15, what is -5 - 10c97aa2?
-10c97aa7
In base 9, what is -343665 - -782?
-342773
In base 10, what is -20 - -7819166?
7819146
In base 16, what is -2e663 + -1d?
-2e680
In base 7, what is -2 + 224036535?
224036533
In base 7, what is -424513 + 3?
-424510
In base 12, what is -a254a21 + -2?
-a254a23
In base 2, what is 110111000111100011111 + 100000?
110111000111100111111
In base 9, what is -807 - 48405?
-50313
In base 4, what is 3030211 + -13102?
3011103
In base 4, what is -3212032 + 